Suppose -20*a - 4202 = -50862. Is a a prime number?
True
Suppose 24*f + 45 = 29*f. Suppose -7*c + f*c = 542. Is c prime?
True
Suppose -3*j + 3*a = 243, -a - a - 233 = 3*j. Let u = -46 - j. Suppose -2*w + 3*d + 68 = 0, 0*w - 2*d = -w + u. Is w a prime number?
True
Suppose 18*d - 79839 = -9*d. Is d composite?
False
Let o(a) = a**3 - 17*a**2 - 16*a - 23. Let l be o(18). Suppose -l*h = -5*h. Suppose 112 = f + q, -4*f + h*f + 466 = -2*q. Is f a composite number?
True
Let k(f) = 43*f - 10. Let r(n) = -129*n + 31. Let q(b) = -8*k(b) - 3*r(b). Is q(8) a prime number?
True
Let v = -67 - -111. Suppose 11*d + 3*r = 9*d + 22, -5 = -5*d + 5*r. Suppose -d*m = 4*u - v, -2*u = 3*m - 10 - 12. Is u a prime number?
True
Suppose -5 = -d + 5. Suppose 2 = 3*m - d. Suppose 0 = -m*k - 2*k + 402. Is k a prime number?
True
Is ((-28)/(-4) - 186)*-1 composite?
False
Let q = 52 + -52. Is 3/(-1) + (1120 - q) prime?
True
Let h be -1 - -117 - (-1 - 2). Let r = h - -422. Is r prime?
True
Let r be ((-3)/2)/((-5)/(-100)). Let k = r + 109. Let w = 168 - k. Is w a prime number?
True
Suppose n = -5*t + 120, 3*t - 130 = -2*t + n. Suppose t*l - 27*l = -446. Is l a composite number?
False
Let x(s) = s + 7. Let n be x(-3). Suppose 0 = -b - n*u + 1711, -b - b + 2*u = -3462. Is b prime?
False
Let x = 93 - 91. Suppose 0*g + 5*g + x*k = 1247, -5*k - 271 = -g. Is g a prime number?
True
Suppose -3*n + 2*y + 4 = n, -14 = -5*n - 2*y. Suppose -5*o + 18 = -n. Suppose -5*k = -o*k - 211. Is k a composite number?
False
Let r(t) = -655*t + 9. Suppose 16 = -n - 3*n. Is r(n) a prime number?
False
Suppose -7*y - 2612 = -3*y. Let a = 273 + y. Let p = -169 - a. Is p composite?
False
Suppose -155813 = -2*f + 5*w, 3*f - 145*w + 150*w = 233682. Is f a prime number?
True
Suppose -8*j = -2*n - 3*j + 446, -5*j = 0. Is n a composite number?
False
Let v = -7 + 12. Suppose -2*n = 2*q - q + v, 4*n = q - 19. Suppose -4*y + 523 = -3*j, y - 128 = -q*j - 16. Is y a prime number?
True
Suppose 2546 = -7*x + 9*x. Is x composite?
True
Let o = -19 - -22. Suppose 0 = 5*r + m + o, -5*r = -r - m - 3. Suppose r = -5*y + 3016 - 786. Is y composite?
True
Let u(p) = p**2 - 8*p - 5. Let i be u(9). Suppose i*b - 240 = -4*w, w + 2*w = b + 172. Is w a composite number?
True
Suppose 15 = d - 93. Suppose 0 = -s + 37 + d. Is s a prime number?
False
Suppose b + 543 + 1363 = 0. Let r = 354 + b. Is 8/(-40) - r/10 a prime number?
False
Let x = 36127 - 24384. Is x a composite number?
False
Let c = -22454 + 31915. Is c a composite number?
False
Suppose -1 = -y + 1, o - 10 = -2*y. Suppose 2*g - o*g = 0. Is g + (58 - 0) + -3 composite?
True
Suppose -7*t + 8*t = 1793. Is t prime?
False
Let y = 21625 - 8687. Is y composite?
True
Suppose -o = -o + 4*o. Suppose 464 = 7*h - 3*h + 4*w, -3*h + w + 368 = o. Is h composite?
True
Suppose 0 = 6*t - 0*t. Suppose -3*f - 4*l + 930 = 0, -3*f + t*l + 945 = -l. Is f a prime number?
False
Let j(i) be the third derivative of -i**4/4 + 2*i**3/3 + 50*i**2 - i. Let y = 5 - 12. Is j(y) composite?
True
Suppose -15*d + 14*d + x = -22655, 0 = -3*x + 9. Is d prime?
False
Is (17268/(-8))/(51/(-34)) a composite number?
False
Let a = 45884 + -27913. Is a composite?
False
Let d(q) = q + 18. Suppose 4*r + 15 = -37. Let i be d(r). Suppose -461 = -i*f + 654. Is f composite?
False
Suppose 5349 + 5366 = 5*s - 2*u, 3*u = -3*s + 6408. Let f = s + -1396. Is f a composite number?
True
Is (-74*(-1)/(-3))/(50/(-3075)) prime?
False
Let q(g) = -g**3 - 10*g**2 - 60. Is q(-13) composite?
True
Let s(b) = 6*b - 28. Let n be s(5). Let c = 6 + -3. Suppose q = -4*o - n*q + 522, c*o - 377 = 5*q. Is o a composite number?
True
Suppose -4*j = -6*x + 4*x + 2620, -1335 = -x - 3*j. Let s = -343 + x. Is s a prime number?
True
Suppose -z = -5*f - 6*z + 35, 5*f - z = 17. Suppose -g + 1087 = -f*b, 3291 = 3*g + 4*b - 6*b. Is g a prime number?
False
Let v be (1 - 8745) + (-16)/(-16). Is ((-2)/3 + v/21)*-1 a prime number?
False
Let q = -14 - -3. Is 5 - q/((-11)/(-2696)) prime?
False
Suppose 42 = 4*v + 34. Suppose v*f - 160 = 174. Is f composite?
False
Let n(b) = 4*b**2 + 54*b + 7. Is n(15) composite?
True
Let b = 9 + -9. Suppose 8*k - 3560 = -b*k. Is k a composite number?
True
Is 12*4/192 - (-51366)/8 a prime number?
True
Let w(x) = 3*x + 0*x - 15 + 11. Let t be w(4). Suppose t*c - 140 = 476. Is c a prime number?
False
Let v(x) = -3*x**3 - 5*x**2 - 12*x - 39. Is v(-8) composite?
True
Let x be ((-4)/6)/(16/(-218952)). Is (x/4)/((-60)/(-80)) composite?
False
Suppose 3*l = 5*t - 63350, -3*t + 2*t + 12682 = -3*l. Is t a prime number?
False
Is (-2 - 2) + (3 - -1400) prime?
True
Let j be (-1368)/(-135) + 2/(-15). Suppose 5*n = j*n - 7795. Is n a composite number?
False
Let f(i) = -i. Let p be f(-9). Suppose -5*t + p + 6 = 0. Suppose -103 = -t*o - 5*h, -4*o - 3*h = -5 - 114. Is o prime?
False
Let p(y) = y**2 - 2*y - 1. Let v be p(3). Suppose 2*i - v*h + 175 = 5*i, 2*h - 10 = 0. Is i a prime number?
False
Suppose 4*n = 6*n. Suppose -2*v + 6*v = 2*p - 686, -p - v + 349 = n. Is p a composite number?
False
Let z be -3*(-1 - -2) - -10. Let j(f) = 1 - 2*f**3 + 0*f + z*f**3 - 3*f. Is j(3) composite?
False
Let u = -55 - -66. Suppose -u*a + 1310 = -a. Is a composite?
False
Let a(m) = 2*m + 2. Let b be a(-1). Suppose -5*w + 4*g - 202 = -1367, w - 5*g - 233 = b. Is w prime?
True
Let q(g) = g + 141. Let s be 8/(-24)*(-1 + 1). Let m be q(s). Let t = 210 - m. Is t a prime number?
False
Let q(z) = 202*z**3 + 4*z**2 + 5*z + 5. Let v be q(-2). Is (v/6)/(2/(-4)) a prime number?
False
Let h(z) = -4*z + 10. Let w be h(0). Let y(i) = 2*i**3 - 9*i**2 + 6*i - 9. Is y(w) a prime number?
True
Is 753 - (16/20)/((-14)/(-35)) prime?
True
Let i = 5497 + -3444. Is i a composite number?
False
Let l(h) = -6*h**3 - 8*h**2 - 11*h - 2. Is l(-4) a prime number?
False
Let z = -90 + 87. Is (z - -2)/(((-4)/398)/2) a composite number?
False
Let l be (42/(-28))/(2/(-12)). Suppose -12*o + l*o + 1329 = 0. Is o a prime number?
True
Let q(x) = -x**3 + 29*x**2 - 33*x - 7. Is q(14) a composite number?
True
Let u(o) = -o**2 + 5*o + 6. Let g be u(7). Let z = -10 - g. Is 39 + (-2 - (z + 1)) composite?
True
Let c = 6475 - 3284. Is c prime?
True
Suppose 2*j + 2*q = -j + 71982, -q + 23995 = j. Suppose j = 13*m - 31453. Is m a prime number?
False
Suppose 0*m = 4*m - 8. Let q = m - -1. Suppose 3*y - 67 = -5*w, -4*w + 2 = -q*y + 51. Is y composite?
False
Let q be 3/4 + 143/44. Let k be (q/4 - 6)*-1. Suppose -155 = -k*p + 330. Is p prime?
True
Let g = 5 - 22. Let p be g/(-6) - (-2)/12. Suppose p*t = -3 + 108. Is t a prime number?
False
Let t(s) be the third derivative of s**5/6 + s**4/6 + 5*s**3/6 + s**2. Suppose c = -3*w + 3, -c = c + 2*w - 10. Is t(c) composite?
False
Let u be 4*1864/6*(-30)/(-4). Suppose 0 = 5*q - u + 1035. Is q prime?
True
Let r(o) = 439*o**2 - 6*o - 14. Is r(9) a composite number?
False
Let z(j) = j**2 - 1. Let g(v) = 2*v**2 - v - 6. Let r = 14 - 10. Let t(w) = r*z(w) + g(w). Is t(-5) a prime number?
False
Let m = -8 + 5. Let r(h) = -h**3 - 4*h - 1. Let p be r(m). Suppose q - 11 = p. Is q composite?
True
Suppose -2373 - 1671 = -3*q. Let c be (q/6)/(5/15). Suppose -c = -4*j + 2*j. Is j prime?
True
Suppose -12*i + 17*i - 25 = 0. Suppose -2*h = q - 6*q + 1461, -i*h = -q + 283. Is q a composite number?
False
Suppose 3*k - 6 - 9 = 0, -h - 3*k = -179. Suppose h = -0*x + x + 3*c, 4*x + 5*c - 621 = 0. Is x a prime number?
True
Suppose 5*w - 12928 = 12592. Suppose w = 2*r + 1702. Suppose -5*k - 2*v = -r, -348 = -k + 2*v - 5*v. Is k composite?
True
Suppose -2*b - x + 652 = -6*x, 4*b - 3*x - 1318 = 0. Is b a composite number?
False
Is 3/(-6)*(-759762)/9 a composite number?
False
Suppose 3*a = 17 + 37. Is (1 + a)/((-13)/(-26)) prime?
False
Suppose 4*y - 36 = 8. Let p = -26 + y. Is (-3)/5 - 6114/p composite?
True
Suppose 3*q - 103501 = -4*n, 10*n + 51752 = 12*n + 2*q. Is n a composite number?
False
Suppose 2*i = 2*d - 3 - 7, 3*i - 2*d + 12 = 0. Let l be (i/4)/(2/4). Is 5/(5/66) - l composite?
False
Suppose 6*y + 13651 = 42415. Suppose 2*s + 2394 = 3*s - 4*j, -y = -2*s + 5*j. Is s a prime number?
False
Let g = -16876 - -71423. Is g a composite number?
False
Is (-95 + -2)*-2*(-2413)/(-38) a prime number?
False
Suppose 0 = 4*m + 27285 + 28115. Let b be (-1)/(-7) + m/(-70). Let j = 317 - b. Is j a prime number